39063 is divided by 100673?
29
Calculate the remainder when 724159530 is divided by 24.
18
What is the remainder when 42997765 is divided by 21498841?
83
Calculate the remainder when 2914530 is divided by 562.
560
What is the remainder when 1604709 is divided by 1243?
1239
Calculate the remainder when 5233614 is divided by 91.
22
Calculate the remainder when 26648 is divided by 4429.
74
Calculate the remainder when 670595 is divided by 167.
90
Calculate the remainder when 11615103 is divided by 967925.
3
Calculate the remainder when 25743964 is divided by 1430220.
4
What is the remainder when 10002946 is divided by 11?
8
What is the remainder when 752916 is divided by 19788?
972
Calculate the remainder when 11438858 is divided by 7022.
20
What is the remainder when 48286 is divided by 706?
278
Calculate the remainder when 1998754 is divided by 111005.
664
Calculate the remainder when 14359171 is divided by 3589785.
31
What is the remainder when 98675 is divided by 49296?
83
What is the remainder when 683402 is divided by 683265?
137
What is the remainder when 1127279 is divided by 3466?
829
Calculate the remainder when 16907825 is divided by 28.
25
What is the remainder when 275949 is divided by 91974?
27
Calculate the remainder when 248653 is divided by 164.
29
What is the remainder when 14463873 is divided by 818?
815
Calculate the remainder when 13154986 is divided by 867.
862
What is the remainder when 1092299469 is divided by 16?
13
Calculate the remainder when 16409277 is divided by 160.
157
What is the remainder when 99086 is divided by 19811?
31
Calculate the remainder when 264187967 is divided by 132093983.
1
Calculate the remainder when 7384 is divided by 6775.
609
Calculate the remainder when 4299900 is divided by 4299860.
40
What is the remainder when 14607673 is divided by 1312?
1177
Calculate the remainder when 264420 is divided by 9443.
16
What is the remainder when 20887643 is divided by 1047?
1040
What is the remainder when 2562507 is divided by 9119?
68
What is the remainder when 1408693 is divided by 704336?
21
Calculate the remainder when 1037931 is divided by 90.
51
Calculate the remainder when 27883933 is divided by 16.
13
What is the remainder when 8482571 is divided by 920?
171
Calculate the remainder when 364960879 is divided by 2291.
2288
Calculate the remainder when 665648 is divided by 221853.
89
What is the remainder when 460509 is divided by 328?
325
What is the remainder when 437109 is divided by 545?
19
What is the remainder when 134122 is divided by 1615?
77
What is the remainder when 1057309 is divided by 152?
149
Calculate the remainder when 5823391 is divided by 62.
41
Calculate the remainder when 2325021 is divided by 464905.
496
What is the remainder when 146162740 is divided by 20880391?
3
Calculate the remainder when 208399008 is divided by 5.
3
Calculate the remainder when 311609 is divided by 103821.
146
Calculate the remainder when 15215428 is divided by 1901926.
20
What is the remainder when 8376312 is divided by 12?
0
What is the remainder when 5948275 is divided by 51?
43
Calculate the remainder when 773933 is divided by 1913.
1081
Calculate the remainder when 1643819 is divided by 79.
66
What is the remainder when 26533068 is divided by 35472?
12
Calculate the remainder when 78256777 is divided by 1637.
1629
Calculate the remainder when 186180 is divided by 1421.
29
Calculate the remainder when 1076006 is divided by 735.
701
Calculate the remainder when 29298342 is divided by 62.
56
What is the remainder when 4701746 is divided by 20?
6
Calculate the remainder when 67967844 is divided by 337.
336
Calculate the remainder when 269958 is divided by 44992.
6
Calculate the remainder when 1455007 is divided by 12991.
15
What is the remainder when 4509724 is divided by 5?
4
Calculate the remainder when 116202 is divided by 2887.
722
What is the remainder when 28151484 is divided by 259?
256
Calculate the remainder when 254448106 is divided by 1442.
1438
What is the remainder when 1362229 is divided by 1512?
1429
What is the remainder when 649577 is divided by 3669?
164
What is the remainder when 521979 is divided by 5676?
5463
What is the remainder when 5312637 is divided by 27?
9
What is the remainder when 11270544 is divided by 1279?
1275
Calculate the remainder when 3344039 is divided by 176.
39
What is the remainder when 242909 is divided by 336?
317
What is the remainder when 1844534 is divided by 548?
514
What is the remainder when 297892 is divided by 1576?
28
What is the remainder when 94742 is divided by 384?
278
What is the remainder when 3589235 is divided by 108764?
23
What is the remainder when 522894 is divided by 420?
414
Calculate the remainder when 7823913 is divided by 17.
3
Calculate the remainder when 1482473 is divided by 1297.
2
What is the remainder when 79552 is divided by 39760?
32
What is the remainder when 30098 is divided by 13879?
2340
What is the remainder when 5861975 is divided by 2610?
2525
Calculate the remainder when 506928 is divided by 31.
16
Calculate the remainder when 81748983 is divided by 22.
19
What is the remainder when 44189 is divided by 239?
213
Calculate the remainder when 28228370 is divided by 20.
10
What is the remainder when 365786 is divided by 27?
17
Calculate the remainder when 298594537 is divided by 5695.
5687
Calculate the remainder when 254196 is divided by 13378.
14
What is the remainder when 2087189 is divided by 5641?
19
What is the remainder when 183209 is divided by 239?
135
Calculate the remainder when 177448 is divided by 19591.
1129
Calculate the remainder when 866313 is divided by 433024.
265
Calculate the remainder when 161342370 is divided by 6404.
6398
Calculate the remainder when 615718 is divided by 307827.
64
What is the remainder when 2697205 is divided by 7230?
415
What is the remainder when 13951047 is divided by 224?
103
Calculate the remainder when 310935315 is divided by 2260.
2255
Calculate the remainder when 95433 is divided by 1985.
153
Calculate the remainder when 2256516 is divided by 941.
939
Calculate the remainder when 2021982 is divided by 6072.
6
What is the remainder when 21500212 is divided by 2517?
2515
What is the remainder when 1016478941 is divided by 58?
57
Calculate the remainder when 19566018 is divided by 34877.
21
Calculate the remainder when 204958 is divided by 101723.
1512
Calculate the remainder when 635900 is divided by 779.
236
Calculate the remainder when 46487 is divided by 5430.
3047
What is the remainder when 7599460 is divided by 1285?
1255
What is the remainder when 706443 is divided by 9677?
22
Calculate the remainder when 57321836 is divided by 8188832.
12
What is the remainder when 82889649 is divided by 66?
51
What is the remainder when 9280575 is divided by 8?
7
Calculate the remainder when 1385156 is divided by 120.
116
Calculate the remainder when 57626 is divided by 268.
6
Calculate the remainder when 94132 is divided by 3906.
388
What is the remainder when 9736565 is divided by 4868280?
5
What is the remainder when 101389 is divided by 390?
379
What is the remainder when 964926 is divided by 28?
18
Calculate the remainder when 20101 is divided by 873.
22
What is the remainder when 293136 is divided by 790?
46
Calculate the remainder when 61181083 is divided by 12236216.
3
Calculate the remainder when 21162000 is divided by 5029.
4997
Calculate the remainder when 1236951 is divided by 14903.
2
What is the remainder when 7552978 is divided by 203?
160
What is the remainder when 26715048 is divided by 30?
18
Calculate the remainder when 2685968 is divided by 113.
71
What is the remainder when 477248880 is divided by 17?
9
Calculate the remainder when 1468296 is divided by 11564.
11232
What is the remainder when 468516 is divided by 5?
1
What is the remainder when 2328278 is divided by 1164128?
22
What is the remainder when 3235165 is divided by 129406?
15
What is the remainder when 339029 is divided by 53?
41
What is the remainder when 7097085 is divided by 19769?
14
Calculate the remainder when 60555717 is divided by 120.
117
Calculate the remainder when 5409646 is divided by 142.
14
Calculate the remainder when 590978 is divided by 288.
2
What is the remainder when 14312511 is div